40 - o. Calculate the highest common divisor of c and 15.
15
Suppose -a = 2, 505 = -46*i + 51*i - 5*a. Calculate the highest common factor of 27 and i.
9
Let c(w) = -w**3 + 16*w**2 + 20*w - 40. Suppose 4*d - 102 = -2*d. Let g be c(d). What is the greatest common factor of g and 176?
11
Let k(h) = h**2 - 4. Let v be k(3). Suppose -4*x - 52*s = -54*s - 140, 5*x = s + 175. Calculate the greatest common factor of v and x.
5
Suppose -5*g = 4*c - 129, -g - 111 = c - 4*c. What is the greatest common factor of 36 and c?
36
Suppose 4*t + 3*a - 44 = 2*a, -2*t = -4*a - 4. What is the greatest common divisor of t and 16?
2
Let r(m) = 3*m**2 + m. Let o be r(-1). Suppose 0 = -o*w + 79 - 7. Let b be (4 + -3)*(-24)/(-1). What is the highest common divisor of w and b?
12
Let j be 210/((24/3)/4). Calculate the highest common divisor of j and 3.
3
Let k be 224/48 + 1/3. Suppose 4*l = 59 + k. Suppose g = 4 + 12. What is the greatest common divisor of g and l?
16
Let g = -600 - -617. Calculate the greatest common divisor of 527 and g.
17
Let y = 107 + -104. Suppose -5*l = 2*v - v - 8, -3*v + 72 = y*l. What is the highest common factor of v and 28?
28
Suppose -2*n = -3*g + 39, -n = -2*n - g - 17. Let l = n + 46. Calculate the greatest common divisor of 70 and l.
14
Suppose -338 = -2*f - 2*o + 4*o, o = 2*f - 337. Calculate the greatest common factor of f and 12.
12
Suppose 2 = 5*u - 7*u. Let i be u/(-2)*6/(-1) - -58. What is the greatest common factor of 11 and i?
11
Let b(y) = 3*y**2 + 19*y + 98. Let u be b(-10). What is the greatest common factor of 78 and u?
26
Suppose -806 = -35*i + 139. Calculate the greatest common divisor of 2 and i.
1
Suppose 25 = 31*x - 26*x. Suppose -38 + x = -g. Suppose -2*y + 5*j = 3*y - 105, -4*j + 26 = y. What is the greatest common divisor of g and y?
11
Suppose -2*z + 19 = 9. Suppose -z*a - 4*y = -66, 0 = a - 0*a - y - 15. What is the greatest common divisor of 2 and a?
2
Let v(u) = u**2 - 6*u + 10. Let c be v(4). Suppose -5*r = p - 197, 2*r - 102 = c*p - 472. Calculate the greatest common divisor of p and 17.
17
Let g be -1 + 21/27 + 236/9. What is the highest common factor of 39 and g?
13
Let q(l) = 19 + 29 - 25 - l. Let n be q(2). What is the greatest common factor of n and 28?
7
Let c = -21 - -26. Suppose 2*v - 4 = -y - y, y = -c*v - 6. What is the highest common factor of 52 and y?
4
Suppose -4*x = 12*x - 128. Calculate the greatest common factor of 1024 and x.
8
Suppose -2*c + p + 16 = 5, p + 15 = 3*c. Suppose -5*d + 15 = -5. Suppose j + 11 = -5*w - 6, -c*w - d = 4*j. Calculate the highest common divisor of j and 9.
3
Let n(v) = -1 + v + 3 + 0*v. Let h be n(2). Let o be 0 - (9 + -7)*-2. Calculate the highest common factor of o and h.
4
Let s(p) = -p**3 - 6*p**2 + 3. Let y be s(-6). Suppose 6 = j - 4. Let v = -7 + j. What is the highest common divisor of y and v?
3
Suppose 2*j - i = 4 + 35, -1 = -i. Let v(p) = 3*p - 4. Let y be v(j). Calculate the greatest common divisor of y and 7.
7
Let z(m) = m**3 - 10*m**2 - 22*m - 2. Suppose 7*k - 72 = k. Let v be z(k). Calculate the highest common divisor of 55 and v.
11
Let f be (-3)/12*-1*(0 + 8). Suppose 0 = f*q - 3*q + 78. Calculate the greatest common factor of q and 52.
26
Let x(z) = 10*z + 5. Let d be x(4). Suppose -418 + 2254 + 1242 = 171*v. What is the highest common divisor of v and d?
9
Suppose j - 5*v = -31, -4*v - 5 + 31 = -j. Let u = -3 - j. Suppose 8*z = k + 3*z, -40 = -u*k - 5*z. What is the highest common factor of k and 5?
5
Let l(n) = -n**3 + 9*n**2 - 4*n + 1. Let v be l(8). Suppose -18*r - 1341 + 1737 = 0. Calculate the highest common factor of v and r.
11
Let o be (-8)/(-6)*(-54)/(-12). Let h be 3/3 - (4 - 17). Let y be (-5 + h)*28/6. Calculate the highest common divisor of o and y.
6
Let q = 10 + -10. Suppose -5*d - 6 - 19 = q. Let f be d + 30 - (1 - 4). What is the greatest common divisor of f and 14?
14
Suppose 19*j = 7*j + 12. Let k(u) = u**2 + 3*u - 3. Let x be k(-4). Calculate the greatest common factor of x and j.
1
Suppose 7*g + 1 = -13. Let d be -1 + 2 - 0/g. Calculate the highest common divisor of d and 11.
1
Let a be (-260)/(-3)*(-8)/(-48)*9. Calculate the greatest common factor of a and 30.
10
Let t(x) = -2*x**3 - 4*x**2 + 8*x - 26. Let h be t(-5). Calculate the greatest common divisor of 812 and h.
28
Suppose -2*z + 179 = u + 18, -2*z + 3*u = -165. Calculate the greatest common divisor of z and 108.
27
Suppose 7*f + 6 = 10*f, -3*q - f = -20. Let x(g) = -42*g. Let r be x(-5). Suppose 5*b + 0*b - r = 0. Calculate the highest common factor of q and b.
6
Suppose -3*h + 24 = -2*h. Let q(b) = -6*b**3 - 4*b**2 - 3*b - 2. Let a = -15 - -13. Let y be q(a). What is the highest common divisor of h and y?
12
Let k(r) = 4*r**2 + 6*r + 172. Let j be k(-8). What is the highest common factor of j and 228?
76
Suppose 0 = -6*r + r + 450. Let z be -3 - (1 + (-195)/(-5)). Let c = 61 + z. Calculate the highest common divisor of r and c.
18
Suppose -4 = -0*l - 2*l + 2*x, -4*x = -l + 5. Let o(k) = -k - 16. Let t be o(-16). Suppose t = -5*c + 151 - 106. Calculate the highest common factor of l and c.
1
Let v(j) = -2*j**3 - 11*j**2 - 14*j + 3. Let f be v(-5). Calculate the highest common divisor of 96 and f.
48
Let o = 8 - 3. Suppose 2*l = 2*t + 8, -o*l + 20 = t - 2*t. Let p = -109 - -129. What is the greatest common factor of p and l?
4
Let a = -65 - -255. Calculate the highest common factor of 285 and a.
95
Let k be 16/(-56) + 279/21. What is the greatest common divisor of k and 1?
1
Let j(k) = -k**3 + 3*k - k**2 + 0*k**2 + 8 - 5*k**2 - k**2. Let r be (3/(-5) - 1)*5. Let u be j(r). Calculate the highest common divisor of u and 6.
6
Let u be 6 - 3*(-4)/(-3). Suppose u*a = 80 - 0. Suppose -n + 10 = -0*n. What is the greatest common factor of n and a?
10
Let r = 2904 + -2849. Calculate the highest common factor of r and 1595.
55
Suppose 3*f + 279 = -0*t + 4*t, -2*f - 66 = -t. Calculate the greatest common factor of 27 and t.
9
Let m(a) = -9*a**2 - 325*a - 1. Let x be m(-36). What is the highest common factor of 65 and x?
5
Let i be 56*(26/4 - 4). Suppose 2*k - i = -2*k. Calculate the highest common divisor of 14 and k.
7
Let h(p) = 149*p - 597. Let d be h(6). What is the greatest common factor of d and 396?
99
Let n = 33 - 5. Suppose 76*p - 21868 = 5*p. What is the greatest common divisor of p and n?
28
Let s(i) = 10*i**2 - 83*i - 13. Let b be s(9). Calculate the highest common factor of b and 10.
10
Suppose 232 + 8 = 6*h. Suppose -2*c + 5*c = 15. What is the highest common factor of h and c?
5
Suppose 88 = t + 4*h, -t - 2*h + h + 100 = 0. Suppose -2*k - 136 = -4*a, -3*a - t = -6*a + k. Calculate the greatest common factor of a and 24.
12
Let q = -533 - -791. Suppose x = 5*s - x + 79, 3*s + x + 43 = 0. Let a be q/15 + 3/s. Calculate the greatest common factor of a and 51.
17
Suppose -3*o + 196 = -2*v, -3*v + 2 + 56 = o. What is the highest common factor of 832 and o?
64
Suppose -7*l - 20 = -11*l. Suppose 104 = l*v - v. Let d be ((-130)/4)/((-1)/2). Calculate the highest common divisor of d and v.
13
Let x be -2 + (-2)/(-2) - -105. Suppose 0 = 4*s + 2*g + g - 96, 5*g - 20 = 0. Let t be 14/s*39/2. Calculate the greatest common factor of t and x.
13
Suppose f + 2413 = 3*k, 3*f - f = 5*k - 4020. What is the greatest common factor of 31 and k?
31
Suppose 13*q + 4*v = 8*q + 556, 5*q = -v + 544. What is the greatest common divisor of q and 288?
36
Let r(q) = 2*q + 13. Let z be r(-3). Suppose n - 5*a = 17, z*a - 2*a - 10 = 0. Suppose -c = 2*c - n. Calculate the highest common factor of 27 and c.
9
Let h(c) = 105*c**2 - 21*c - 22. Let k be h(-1). What is the greatest common factor of 72 and k?
8
Suppose k = 5*k + 80. Let p = k + 46. Let n be (-1)/(-1 + 24/p). Calculate the greatest common factor of n and 52.
13
Let z(d) = d**2 + 12*d. Let l be z(-12). Suppose -4*g + w + 94 = -w, -4*g - 3*w + 89 = l. Let s = g - 5. What is the highest common divisor of s and 2?
2
Let b(w) be the third derivative of w**5/60 - w**4/12 - w**3 + 5*w**2. Let g be b(-3). Calculate the highest common factor of 36 and g.
9
Let d be (-45954)/(-575) + 2/25. Calculate the highest common factor of 560 and d.
80
Let u(a) be the third derivative of -a**4/12 - 14*a**3/3 + 22*a**2. Let t be u(-16). What is the greatest